alculate the remainder when 246 is divided by 62.
60
Calculate the remainder when 182 is divided by 8.
6
Calculate the remainder when 10162 is divided by 121.
119
What is the remainder when 127 is divided by 4?
3
Calculate the remainder when 536 is divided by 36.
32
What is the remainder when 8433 is divided by 114?
111
What is the remainder when 2142 is divided by 237?
9
Calculate the remainder when 72 is divided by 1.
0
Calculate the remainder when 90 is divided by 16.
10
What is the remainder when 403 is divided by 5?
3
Calculate the remainder when 27 is divided by 27.
0
Calculate the remainder when 685 is divided by 19.
1
Calculate the remainder when 576 is divided by 66.
48
What is the remainder when 772 is divided by 56?
44
Calculate the remainder when 1507 is divided by 301.
2
What is the remainder when 60 is divided by 30?
0
What is the remainder when 460 is divided by 22?
20
Calculate the remainder when 2661 is divided by 267.
258
What is the remainder when 344 is divided by 163?
18
What is the remainder when 1428 is divided by 1371?
57
Calculate the remainder when 2024 is divided by 155.
9
Calculate the remainder when 3777 is divided by 122.
117
What is the remainder when 256 is divided by 52?
48
Calculate the remainder when 270 is divided by 52.
10
Calculate the remainder when 348 is divided by 16.
12
Calculate the remainder when 1958 is divided by 132.
110
What is the remainder when 323 is divided by 9?
8
What is the remainder when 340 is divided by 71?
56
What is the remainder when 3765 is divided by 24?
21
What is the remainder when 49 is divided by 30?
19
Calculate the remainder when 3645 is divided by 192.
189
What is the remainder when 423 is divided by 47?
0
What is the remainder when 197 is divided by 48?
5
What is the remainder when 957 is divided by 242?
231
Calculate the remainder when 1383 is divided by 8.
7
What is the remainder when 185 is divided by 17?
15
Calculate the remainder when 904 is divided by 15.
4
Calculate the remainder when 17817 is divided by 11.
8
What is the remainder when 12 is divided by 7?
5
What is the remainder when 2219 is divided by 283?
238
What is the remainder when 2904 is divided by 31?
21
What is the remainder when 720 is divided by 320?
80
What is the remainder when 1661 is divided by 314?
91
What is the remainder when 2085 is divided by 7?
6
What is the remainder when 127 is divided by 32?
31
Calculate the remainder when 7519 is divided by 32.
31
Calculate the remainder when 310 is divided by 27.
13
Calculate the remainder when 220 is divided by 72.
4
What is the remainder when 343 is divided by 154?
35
What is the remainder when 1630 is divided by 6?
4
What is the remainder when 8554 is divided by 295?
294
Calculate the remainder when 186 is divided by 150.
36
What is the remainder when 78 is divided by 10?
8
Calculate the remainder when 130 is divided by 115.
15
What is the remainder when 83 is divided by 46?
37
What is the remainder when 933 is divided by 933?
0
What is the remainder when 74 is divided by 27?
20
Calculate the remainder when 33 is divided by 19.
14
Calculate the remainder when 385 is divided by 81.
61
What is the remainder when 116 is divided by 17?
14
Calculate the remainder when 146 is divided by 19.
13
What is the remainder when 316 is divided by 203?
113
Calculate the remainder when 141 is divided by 28.
1
What is the remainder when 644 is divided by 73?
60
What is the remainder when 618 is divided by 68?
6
Calculate the remainder when 70 is divided by 59.
11
Calculate the remainder when 142 is divided by 37.
31
What is the remainder when 679 is divided by 40?
39
Calculate the remainder when 123 is divided by 9.
6
Calculate the remainder when 1118 is divided by 33.
29
Calculate the remainder when 346 is divided by 86.
2
Calculate the remainder when 812 is divided by 75.
62
Calculate the remainder when 204 is divided by 105.
99
Calculate the remainder when 104 is divided by 27.
23
Calculate the remainder when 1292 is divided by 12.
8
What is the remainder when 178 is divided by 26?
22
Calculate the remainder when 158 is divided by 48.
14
What is the remainder when 261 is divided by 19?
14
What is the remainder when 5915 is divided by 18?
11
Calculate the remainder when 274 is divided by 259.
15
What is the remainder when 1264 is divided by 47?
42
Calculate the remainder when 66 is divided by 45.
21
What is the remainder when 280 is divided by 4?
0
Calculate the remainder when 548 is divided by 33.
20
Calculate the remainder when 937 is divided by 94.
91
Calculate the remainder when 134 is divided by 15.
14
What is the remainder when 2997 is divided by 20?
17
What is the remainder when 27 is divided by 13?
1
Calculate the remainder when 2838 is divided by 4.
2
Calculate the remainder when 81 is divided by 15.
6
What is the remainder when 10004 is divided by 213?
206
Calculate the remainder when 56 is divided by 20.
16
Calculate the remainder when 11337 is divided by 29.
27
What is the remainder when 325 is divided by 92?
49
Calculate the remainder when 3431 is divided by 17.
14
Calculate the remainder when 263 is divided by 9.
2
What is the remainder when 181 is divided by 135?
46
Calculate the remainder when 20298 is divided by 290.
288
Calculate the remainder when 98 is divided by 51.
47
Calculate the remainder when 361 is divided by 124.
113
What is the remainder when 1063 is divided by 13?
10
Calculate the remainder when 7452 is divided by 8.
4
Calculate the remainder when 205 is divided by 186.
19
Calculate the remainder when 572 is divided by 143.
0
What is the remainder when 6 is divided by 4?
2
What is the remainder when 2758 is divided by 1377?
4
Calculate the remainder when 581 is divided by 180.
41
Calculate the remainder when 22147 is divided by 7.
6
Calculate the remainder when 4261 is divided by 26.
23
What is the remainder when 431 is divided by 18?
17
What is the remainder when 110 is divided by 4?
2
Calculate the remainder when 2079 is divided by 188.
11
What is the remainder when 1356 is divided by 39?
30
Calculate the remainder when 1701 is divided by 170.
1
What is the remainder when 2588 is divided by 259?
257
What is the remainder when 1334 is divided by 1308?
26
What is the remainder when 206 is divided by 108?
98
Calculate the remainder when 1048 is divided by 132.
124
What is the remainder when 11047 is divided by 34?
31
What is the remainder when 83 is divided by 13?
5
Calculate the remainder when 7387 is divided by 56.
51
Calculate the remainder when 275 is divided by 56.
51
What is the remainder when 71 is divided by 21?
8
What is the remainder when 636 is divided by 25?
11
What is the remainder when 1524 is divided by 102?
96
Calculate the remainder when 112 is divided by 43.
26
What is the remainder when 90 is divided by 8?
2
What is the remainder when 185 is divided by 102?
83
Calculate the remainder when 209 is divided by 38.
19
What is the remainder when 1012 is divided by 41?
28
Calculate the remainder when 42 is divided by 10.
2
Calculate the remainder when 85 is divided by 31.
23
Calculate the remainder when 847 is divided by 26.
15
What is the remainder when 41030 is divided by 46?
44
What is the remainder when 2159 is divided by 142?
29
Calculate the remainder when 168 is divided by 17.
15
What is the remainder when 293 is divided by 36?
5
Calculate the remainder when 85 is divided by 64.
21
Calculate the remainder when 2787 is divided by 127.
120
What is the remainder when 107 is divided by 14?
9
What is the remainder when 180 is divided by 173?
7
Calculate the remainder when 26 is divided by 20.
6
Calculate the remainder when 4115 is divided by 29.
26
Calculate the remainder when 61 is divided by 18.
7
What is the remainder when 167 is divided by 156?
11
What is the remainder when 30 is divided by 13?
4
Calculate the remainder when 21804 is divided by 89.
88
What is the remainder when 1168 is divided by 235?
228
Calculate the remainder when 178 is divided by 62.
54
What is the remainder when 11 is divided by 4?
3
Calculate the remainder when 123 is divided by 3.
0
Calculate the remainder when 414 is divided by 14.
8
Calculate the remainder when 1366 is divided by 137.
133
What is the remainder when 495 is divided by 21?
12
